{"id":157,"date":"2025-06-12T17:39:43","date_gmt":"2025-06-12T17:39:43","guid":{"rendered":"https:\/\/eszakpest.reformatus.hu\/index.php\/gyulekezeteink\/aszodi-reformatus-misszioi-egyhazkozseg-15\/"},"modified":"2025-06-12T17:43:36","modified_gmt":"2025-06-12T17:43:36","slug":"erdligeti-reformatus-egyhazkozseg","status":"publish","type":"page","link":"https:\/\/eszakpest.reformatus.hu\/index.php\/gyulekezeteink\/erdligeti-reformatus-egyhazkozseg\/","title":{"rendered":"\u00c9rdligeti Reform\u00e1tus Egyh\u00e1zk\u00f6zs\u00e9g"},"content":{"rendered":"\n[et_pb_section fb_built=&#8221;1&#8243; theme_builder_area=&#8221;post_content&#8221; _builder_version=&#8221;4.27.4&#8243; _module_preset=&#8221;default&#8221; use_background_color_gradient=&#8221;off&#8221; hover_enabled=&#8221;0&#8243; sticky_enabled=&#8221;0&#8243;][et_pb_row _builder_version=&#8221;4.27.4&#8243; _module_preset=&#8221;default&#8221; theme_builder_area=&#8221;post_content&#8221;][et_pb_column _builder_version=&#8221;4.27.4&#8243; _module_preset=&#8221;default&#8221; type=&#8221;4_4&#8243; theme_builder_area=&#8221;post_content&#8221;][et_pb_text _builder_version=&#8221;4.27.4&#8243; _module_preset=&#8221;default&#8221; theme_builder_area=&#8221;post_content&#8221; hover_enabled=&#8221;0&#8243; sticky_enabled=&#8221;0&#8243;]<p><span>Lelkip\u00e1sztor:<\/span><\/p>\n<p><span>F\u0151gondnok:<\/span><\/p>\n<p><span>Sz\u00e9khely:<\/span><\/p>\n<p><span>Postac\u00edm:<\/span><\/p>\n<p><span>Telefonsz\u00e1m:<\/span><\/p>\n<p><span>Mobil telefonsz\u00e1m:<\/span><\/p>\n<p><span>E-mail:<\/span><\/p>\n<p><span>Honlap: <\/span><\/p>\n<p><span>Facebook oldal:<\/span><\/p>\n<p><span>\u00a0<\/span><\/p>\n<p><span>Istentisztelet helysz\u00edne, id\u0151pontja:<\/span><\/p>\n<p><span>\u00a0<\/span><\/p>\n<p><span>P\u00e1sztorolt telep\u00fcl\u00e9sek:<\/span><\/p>\n<p><span>P\u00e1sztorolt sz\u00f3rv\u00e1ny telep\u00fcl\u00e9sek:<\/span><\/p>\n<p><span>\u00a0<\/span><\/p>\n<p><span>Int\u00e9zm\u00e9ny neve:<\/span><\/p>\n<p><span>Int\u00e9zm\u00e9ny honlapja:<\/span><\/p>[\/et_pb_text][\/et_pb_column][\/et_pb_row][\/et_pb_section]\n","protected":false},"excerpt":{"rendered":"<p>Lelkip\u00e1sztor: F\u0151gondnok: Sz\u00e9khely: Postac\u00edm: Telefonsz\u00e1m: Mobil telefonsz\u00e1m: E-mail: Honlap: Facebook oldal: \u00a0 Istentisztelet helysz\u00edne, id\u0151pontja: \u00a0 P\u00e1sztorolt telep\u00fcl\u00e9sek: P\u00e1sztorolt sz\u00f3rv\u00e1ny telep\u00fcl\u00e9sek: \u00a0 Int\u00e9zm\u00e9ny neve: Int\u00e9zm\u00e9ny honlapja:<\/p>\n","protected":false},"author":1,"featured_media":0,"parent":42,"menu_order":0,"comment_status":"closed","ping_status":"closed","template":"","meta":{"_et_pb_use_builder":"on","_et_pb_old_content":"","_et_gb_content_width":"","footnotes":""},"class_list":["post-157","page","type-page","status-publish","hentry"],"_links":{"self":[{"href":"https:\/\/eszakpest.reformatus.hu\/index.php\/wp-json\/wp\/v2\/pages\/157","targetHints":{"allow":["GET"]}}],"collection":[{"href":"https:\/\/eszakpest.reformatus.hu\/index.php\/wp-json\/wp\/v2\/pages"}],"about":[{"href":"https:\/\/eszakpest.reformatus.hu\/index.php\/wp-json\/wp\/v2\/types\/page"}],"author":[{"embeddable":true,"href":"https:\/\/eszakpest.reformatus.hu\/index.php\/wp-json\/wp\/v2\/users\/1"}],"replies":[{"embeddable":true,"href":"https:\/\/eszakpest.reformatus.hu\/index.php\/wp-json\/wp\/v2\/comments?post=157"}],"version-history":[{"count":1,"href":"https:\/\/eszakpest.reformatus.hu\/index.php\/wp-json\/wp\/v2\/pages\/157\/revisions"}],"predecessor-version":[{"id":192,"href":"https:\/\/eszakpest.reformatus.hu\/index.php\/wp-json\/wp\/v2\/pages\/157\/revisions\/192"}],"up":[{"embeddable":true,"href":"https:\/\/eszakpest.reformatus.hu\/index.php\/wp-json\/wp\/v2\/pages\/42"}],"wp:attachment":[{"href":"https:\/\/eszakpest.reformatus.hu\/index.php\/wp-json\/wp\/v2\/media?parent=157"}],"curies":[{"name":"wp","href":"https:\/\/api.w.org\/{rel}","templated":true}]}}